13
Let f = 93 + -49. Let o(w) = 2*w**3 - 31*w**2 + 7*w + 132. Let s be o(15). What is the highest common divisor of f and s?
4
Suppose 27448 = -30*x + 76*x + 246*x. Calculate the greatest common divisor of 1833 and x.
47
Let i be 242/(-7260) - 72453/(-90). Calculate the greatest common divisor of i and 460.
115
Let h be 880/120 - (-2)/(-6). Suppose -h*j + 1944 = j. Calculate the highest common divisor of j and 27.
27
Let i(w) = -271*w**2 - 5*w + 5. Let r be i(1). Let j = r - -355. Calculate the greatest common factor of 56 and j.
28
Let a be 2 - (-19)/(-8) - 249/(-24). Let s be 958/(-8) + 6/(-24). Let z be s/(-16)*(-2)/(-3). Calculate the greatest common factor of z and a.
5
Let u = -16 + 30. Suppose 5*t + 756 = 5*m - 939, 2*m - 660 = -4*t. Suppose m = f + 7*f. Calculate the highest common divisor of f and u.
14
Suppose 7*r + 19*r - 4*r = 3564. What is the greatest common factor of r and 999?
27
Suppose -11*s + 2 + 31 = 0. Let a be (((-3)/(-6))/(s/(-84)))/(-1). What is the greatest common divisor of 8 and a?
2
Let z(i) = 151*i**3 - i**2 - 11*i + 12. Let r be z(3). Calculate the greatest common factor of 71 and r.
71
Let d be (-46)/8 - 27/(-36). Let b(h) be the first derivative of h**3 - 3*h**2/2 - 3*h + 17. Let l be b(d). Calculate the greatest common factor of 29 and l.
29
Let v(a) = 214*a - 4268. Let r be v(20). Calculate the greatest common factor of r and 3516.
12
Let s(h) = -459*h + 1677. Let q be s(3). Calculate the highest common divisor of 372 and q.
12
Suppose -k - k = 0. Suppose -m + 183 + 141 = k. Let l be (30/(-35))/((-5)/210). What is the highest common factor of m and l?
36
Suppose 10*s + 563168 = 104*s + 113472. What is the greatest common divisor of s and 552?
184
Let b be ((-1700)/(-30))/((-5)/(-210)). Calculate the highest common factor of b and 17.
17
Suppose -3*v = -r + 60, -4*r + 198 = 2*v - 70. Let f = 86 - r. What is the highest common factor of f and 30?
10
Let p(t) = -2*t**2 + 18*t + 4. Let d be p(11). Let c = d - -44. Suppose -3*w = s - 7, 0 = -3*s + 2*s + c*w - 7. What is the greatest common factor of 9 and s?
1
Suppose -58383*q + 58373*q = -400. What is the highest common divisor of 4520 and q?
40
Let s = -356 - -325. Let a(w) = 2*w**2 + 40*w - 132. Let u be a(s). What is the greatest common divisor of u and 22?
22
Let k = -25 + 41. Let x = k + -10. Let t = -7359 + 7455. What is the highest common factor of x and t?
6
Suppose -2*l - 26 = -4*u, -1 = -u + 2*u + l. Suppose -8*g + 72 = -48. Suppose -h = u*h - g. Calculate the highest common factor of h and 1.
1
Let b(p) = -3*p + 15. Suppose 5 + 0 = k. Let j be b(k). Suppose -3*t + n = -55, 5*t - 2*n - 60 - 30 = j. Calculate the highest common factor of 15 and t.
5
Suppose -78923 = -182*u + 63401. What is the greatest common divisor of u and 345?
23
Let r(v) = v**2 + 7*v + 4. Let c be r(-4). Let a be c/2 + 6/3. Let b be (4 - 7)/(a/12). What is the greatest common divisor of 9 and b?
9
Let u = -1200 + 1218. What is the highest common factor of u and 2718?
18
Let n be (-1960)/(-84)*(-210)/(-49). Calculate the greatest common divisor of n and 3700.
100
Suppose 81*t - 82*t = 3*y - 1654, 2*t - 548 = -y. What is the highest common divisor of 2139 and y?
69
Let s(u) = 17*u**2 + 42*u + 1. Let k be s(3). Let j = k + -208. What is the highest common factor of 18 and j?
18
Let m be 215/(28/((-3024)/(-30))). Calculate the highest common divisor of 66 and m.
6
Let n(t) = -3*t**2 - 2*t + 13. Let d(l) = 1. Let v(g) = -4*d(g) - n(g). Let i be v(-5). What is the greatest common divisor of 24 and i?
24
Let i = -53 - -59. Suppose -i*m + 30 = -0*m. Suppose 7 - 102 = -m*f. Calculate the highest common divisor of f and 19.
19
Let q be 907/8 - 225/(-360). Calculate the greatest common factor of 1102 and q.
38
Let i(k) = k**2 + 17. Let r be i(7). Suppose 270 = 2*a + r. Suppose 0*s = 3*s - a. Calculate the highest common factor of s and 51.
17
Let d be (-45)/15 + 1 + 16. Let q be (-8)/(-3)*(-4 - (-119)/d). Calculate the highest common divisor of 28 and q.
4
Let s = 10389 - 10005. Let g = 116 - 80. What is the greatest common factor of g and s?
12
Let y(u) = -8*u + 129. Let g be y(12). Suppose -2*l - 18 = -4*l. What is the greatest common factor of g and l?
3
Let p be ((-18270)/(-420))/((-2)/4 - -1). Calculate the greatest common factor of 4756 and p.
29
Suppose -2*i + z - 11 = 42, 4*z = -4*i - 76. Let g be 102/(-48) + 4 + (-3)/i. Calculate the highest common factor of 19 and g.
1
Suppose 0*w + 59 = w - 2*r, -3*r - 260 = -5*w. Suppose -2641 = -19*l - 9937. Let o = l - -398. What is the greatest common factor of o and w?
7
Let b(i) = -i**3 + 47*i**2 - 19*i - 1238. Let d be b(46). What is the greatest common divisor of 1244 and d?
4
Let b(q) = -4*q - 45. Let j be b(-12). Suppose -j*z - z - p + 228 = 0, -52 = -z + p. What is the highest common factor of 21 and z?
7
Let t(z) = 11*z**2 - 20*z - 10. Let m(r) = 12*r**2 - 20*r - 12. Let f(d) = -4*m(d) + 5*t(d). Let g be f(4). Calculate the greatest common divisor of 10 and g.
10
Let q = -139 - -141. Let w(y) = 86*y + 45. Let o be w(q). Calculate the highest common divisor of o and 7.
7
Let d be 90 - 10*3/6. Let u = 4 - -97. Let c = u + -67. What is the greatest common factor of d and c?
17
Suppose 0 = 5*k - 163 - 257. Let v(n) = 29*n + 299. Let d be v(-12). Let i = -37 - d. Calculate the highest common factor of i and k.
12
Suppose -5*u + 5*l + 30285 = 0, u + 4*l - 6036 = 2*l. Calculate the highest common divisor of u and 50.
50
Suppose 5*b - 460890 - 19710 = -40*b. What is the highest common factor of 30 and b?
30
Suppose 890 + 2530 = 15*p + 1035. Calculate the greatest common divisor of p and 2173.
53
Suppose 376 = 2*h + 4*y - 494, -3*y - 4020 = -9*h. What is the greatest common divisor of 20 and h?
5
Let n(o) = 25*o**2 - o - 2. Let p be n(-2). Suppose 3*d - 39 = -l + 27, 0 = -2*d - l + 46. Calculate the highest common factor of p and d.
20
Suppose 1106 = 8*l - 7*l + 4*m, 5*l - 5662 = 2*m. Calculate the highest common divisor of 1017 and l.
113
Suppose b + 5 = 2*j - 15, -b + 20 = 2*j. Calculate the greatest common factor of 5 and j.
5
Let r = 266 + -160. Let y = r + -106. Suppose -5*b - i = -y*b - 30, -4*b = -2*i - 38. What is the greatest common factor of 112 and b?
7
Let w(p) = -20*p**3 + 3*p**2 - 11*p - 64. Let n be w(-3). Calculate the greatest common factor of n and 1.
1
Let k(z) = -207*z - 35. Let b be k(-2). Suppose 5*l = -i - 3*i + 495, -3*i + 4*l = -b. Calculate the greatest common divisor of 15 and i.
5
Let a be -6 - (2/10 + 24/30). Let r be (-3)/a + 8437/77. Suppose 4 = -4*s, 5*h + 5*s + 10 = r. Calculate the highest common factor of h and 42.
21
Suppose 0 = -2*y, -40 = -6*g - 5*y + 104. Calculate the highest common divisor of g and 472.
8
Suppose -488*d = -476*d - 495 + 111. Suppose -11 = -2*l + 3*v, -v - 2 = l - 0. Let q be ((-84)/15)/(l/(-40)). Calculate the highest common divisor of d and q.
32
Suppose 4*g + 1182 = -4*b + 7574, 3*b = -g + 4790. Let s be 62 + -5 + 5 + -5. Calculate the greatest common divisor of b and s.
57
Let u(l) = l**2 - 6*l + 6. Let a be u(6). Let o be a/3 - (1 - 1). Let z be (-1 + 25)*(1 + (o - 2)). What is the greatest common divisor of z and 12?
12
Suppose -x + 0*x - 2*v + 9 = 0, 4*x - 26 = 2*v. Suppose -324 = 6*u - x*u. Suppose -u = -i - i. Calculate the greatest common divisor of 18 and i.
18
Suppose -m - k - 198 + 3278 = 0, -4*m + 5*k + 12275 = 0. What is the greatest common factor of 82 and m?
41
Suppose -2*b = 3*p + 2*p - 655, 979 = 3*b + 4*p. Let h = 1190 - 1165. What is the highest common factor of b and h?
25
Let w be (2*-16)/(0 + 1/4). Let m = w + 134. Calculate the greatest common divisor of 57 and m.
3
Let q(s) = -s**3 + 2*s**2 + s. Let k be q(0). Suppose 5*b - 48 + 23 = k. What is the greatest common divisor of 85 and b?
5
Let k = -553 + 620. Let t be (-5)/(k/429 + (-36)/198). Calculate the greatest common factor of 130 and t.
65
Let b(i) = 5*i + 54. Let j(s) = 16*s + 160. Let q(t) = -8*b(t) + 3*j(t). Let c be q(-5). What is the highest common factor of c and 72?
8
Suppose -30*f + 715 + 305 = 0. What is the greatest common divisor of f and 4760?
34
Suppose 2*v + 638 - 2943 = -l, 0 = -2*v + 2*l + 2320. Calculate the highest common divisor of 308 and v.
77
Let k be (-2858)/((-1746)/144 + 12). What i